{"id":100,"date":"2020-03-10T12:48:39","date_gmt":"2020-03-10T12:48:39","guid":{"rendered":"http:\/\/schubertkfz.com\/?page_id=100"},"modified":"2023-02-21T14:58:07","modified_gmt":"2023-02-21T14:58:07","slug":"service","status":"publish","type":"page","link":"https:\/\/www.schubertkfz.com\/?page_id=100","title":{"rendered":"Service"},"content":{"rendered":"\r\n<h1 class=\"wp-block-heading\">Inspektion und \u00d6lwechsel (nach Herstellervorgaben)<\/h1>\r\n\r\n\r\n\r\n<p>F\u00fcr jedes Fahrzeug liefert der Hersteller eine Wartungsempfehlung. Diese beinhaltet Intervallvorgaben f\u00fcr die Durchf\u00fchrung von Inspektion und \u00d6lwechsel. Durch die regelm\u00e4\u00dfige Inanspruchnahme einer Inspektion gew\u00e4hrleisten Sie die Verkehrssicherheit Ihres Fahrzeuges. Weiterhin k\u00f6nnen hier festgestellte M\u00e4ngel behoben werden, bevor diese zu kostspieligen Reparaturen f\u00fchren.<\/p>\r\n\r\n\r\n\r\n<p><strong>Leistungsspektrum von Inspektionen <\/strong><\/p>\r\n\r\n\r\n\r\n<p>Je nach Umfang der Inspektion werden Motor, Getriebe und Karosserie auf ihren Zustand gepr\u00fcft. Achsen, Bremsen und Reifen werden kontrolliert, Verschlei\u00dfteile gegebenenfalls getauscht und ein \u00d6l- und \u00d6lfilterwechsel durchgef\u00fchrt. Es wird ebenso auf Rostans\u00e4tze, auch am Unterboden, geachtet. Reparaturen, Auff\u00fcllen von Fahrzeug-Fl\u00fcssigkeiten und Austausch von Kfz-Teilen werden nach Angebot und Absprache durchgef\u00fchrt. \u00a0\u00a0\u00a0\u00a0\u00a0\u00a0\u00a0<\/p>\r\n\r\n\r\n\r\n<p>Gerade bei neueren Fahrzeugen bleibt Ihnen die Herstellergarantie nur durch die regelm\u00e4\u00dfige Durchf\u00fchrung von Inspektion mit \u00d6lwechsel erhalten. Auch das Herzst\u00fcck Ihres Fahrzeuges, der Motor, dankt Ihnen hochwertiges \u00d6l und qualifizierten \u00d6lwechsel, mit Leistungsst\u00e4rke und Laufzeitverl\u00e4ngerung.<\/p>\r\n\r\n\r\n\r\n<h1 class=\"wp-block-heading\">Moderne Fehlerdiagnose und Instandsetzung<\/h1>\r\n\r\n\r\n\r\n<p>Ziel der Fahrzeugdiagnose ist es, Fehler im Fahrzeug festzustellen und ihre Ursache zu beseitigen. <br \/><br \/>Mithilfe moderner Diagnoseger\u00e4te und entsprechender Software werden die Ereignisspeichereintr\u00e4ge des fahrzeuginternen Diagnosesystems durch unsere Mitarbeiter ausgelesen und analysiert. Anhand dieser Daten erfolgt anschlie\u00dfend die Erstellung eines Kostenvoranschlags f\u00fcr die zielgenaue Fehlerbeseitigung und Instandsetzung Ihres Fahrzeugs.<br \/><br \/>Fr\u00fchzeitig Fehlfunktionen erkennen<br \/><br \/>Eine Fahrzeugdiagnose ist nicht erst bei auftretendem Fehler empfehlenswert: Bereits kleine Fehlfunktionen k\u00f6nnen vom Fahrer unbemerkt schwerwiegende Sch\u00e4den hervorrufen. Dem beugt nur das regelm\u00e4\u00dfige Auslesen der Fahrzeugdaten durch unsere geschulten Mitarbeiter vor.\u00a0 Sprechen Sie uns bei der n\u00e4chsten Wartung einfach darauf an.<\/p>\r\n\r\n\r\n\r\n<h1 class=\"wp-block-heading\">Kompetenter Service f\u00fcr gesundes Klima<\/h1>\r\n\r\n\r\n\r\n<p>Mit unserem Klimaservice sorgen Sie nicht nur f\u00fcr angenehme Innentemperaturen Ihres Fahrzeuges. Eine regelm\u00e4\u00dfige Inspektion der Klimaanlage beugt schlechten Ger\u00fcchen sowie einer Konzentration von Pilzen und Bakterien vor. Auf diese Weise vermeiden Sie sowohl Gesundheitssch\u00e4den als auch m\u00f6gliche Besch\u00e4digungen anderer Fahrzeugelemente.<\/p>\r\n\r\n\r\n\r\n<h1 class=\"wp-block-heading\">Hauptuntersuchung <img fetchpriority=\"high\" decoding=\"async\" width=\"1000\" height=\"1000\" class=\"wp-image-142\" style=\"width: 30px;\" src=\"http:\/\/schubertkfz.com\/wp-content\/uploads\/2020\/03\/hu-plakette2.gif\" alt=\"\" \/><\/h1>\r\n\r\n\r\n\r\n<p>Freitags nach vorheriger Anmeldung<\/p>\r\n\r\n\r\n\r\n<h1 class=\"wp-block-heading\">Umfangreicher Service f\u00fcr Ihren Anh\u00e4nger<\/h1>\r\n\r\n\r\n\r\n<p>Wir k\u00fcmmern uns auch um Ihren Anh\u00e4nger: Zu unseren Leistungen z\u00e4hlen<\/p>\r\n\r\n\r\n\r\n<ul>\r\n<li>Reparatur und Wartung<\/li>\r\n<li>HU-Vorbereitung<\/li>\r\n<li>sowie Aus- und Umbau.<\/li>\r\n<\/ul>\r\n\r\n\r\n\r\n<p>Ist bei Ihrem Anh\u00e4nger nach einem Unfall oder durch Verschlei\u00dferscheinungen eine Reparatur n\u00f6tig, f\u00fchren wir zun\u00e4chst eine gr\u00fcndliche Schadensfeststellung durch. Anschlie\u00dfend besprechen wir gemeinsam mit Ihnen, welche Reparaturarbeiten durchgef\u00fchrt werden sollen. Unser fachkundiges Team ber\u00e4t Sie kompetent, egal zu welchem Fabrikat.<br \/><br \/>Bestens f\u00fcr die HU vorbeireitet<br \/><br \/>F\u00fcr die Hauptuntersuchung pr\u00fcfen wir Ihren Anh\u00e4nger bereits im Voraus und ersparen Ihnen so eine eventuell notwendige zweite Untersuchung durch den T\u00dcV. Bei der Inspektion orientieren sich unsere qualifizierten Mitarbeiter streng an den Vorgaben der Pr\u00fcforganisationen und wissen aus langj\u00e4hriger Erfahrung genau, worauf die Pr\u00fcfer Wert legen. Wichtige Bauteile sind hier:<br \/><br \/><\/p>\r\n\r\n\r\n\r\n<ul>\r\n<li>Leuchten und Scheinwerfer<\/li>\r\n<li>Bremsen<\/li>\r\n<li>Rahmen<\/li>\r\n<li>Kotfl\u00fcgel und<\/li>\r\n<li>Reifen.<\/li>\r\n<\/ul>\r\n\r\n\r\n\r\n<p><br \/>In enger Absprache mit Ihnen beseitigen wir eventuelle Sicherheitsm\u00e4ngel Ihres Anh\u00e4ngers bereits vor der HU und ersparen Ihnen so eine erneute Pr\u00fcfung durch den T\u00dcV.<\/p>\r\n","protected":false},"excerpt":{"rendered":"<p>Inspektion und \u00d6lwechsel (nach Herstellervorgaben) F\u00fcr jedes Fahrzeug liefert der Hersteller eine Wartungsempfehlung. Diese beinhaltet Intervallvorgaben f\u00fcr die Durchf\u00fchrung von Inspektion und \u00d6lwechsel. Durch die regelm\u00e4\u00dfige Inanspruchnahme einer Inspektion gew\u00e4hrleisten Sie die Verkehrssicherheit Ihres Fahrzeuges. Weiterhin k\u00f6nnen hier festgestellte M\u00e4ngel behoben werden, bevor diese zu kostspieligen Reparaturen f\u00fchren. Leistungsspektrum von Inspektionen Je nach Umfang der &hellip; <\/p>\n<p class=\"link-more\"><a href=\"https:\/\/www.schubertkfz.com\/?page_id=100\" class=\"more-link\"><span class=\"screen-reader-text\">\u201eService\u201c<\/span> weiterlesen<\/a><\/p>\n","protected":false},"author":1,"featured_media":0,"parent":0,"menu_order":0,"comment_status":"closed","ping_status":"closed","template":"","meta":[],"_links":{"self":[{"href":"https:\/\/www.schubertkfz.com\/index.php?rest_route=\/wp\/v2\/pages\/100"}],"collection":[{"href":"https:\/\/www.schubertkfz.com\/index.php?rest_route=\/wp\/v2\/pages"}],"about":[{"href":"https:\/\/www.schubertkfz.com\/index.php?rest_route=\/wp\/v2\/types\/page"}],"author":[{"embeddable":true,"href":"https:\/\/www.schubertkfz.com\/index.php?rest_route=\/wp\/v2\/users\/1"}],"replies":[{"embeddable":true,"href":"https:\/\/www.schubertkfz.com\/index.php?rest_route=%2Fwp%2Fv2%2Fcomments&post=100"}],"version-history":[{"count":6,"href":"https:\/\/www.schubertkfz.com\/index.php?rest_route=\/wp\/v2\/pages\/100\/revisions"}],"predecessor-version":[{"id":343,"href":"https:\/\/www.schubertkfz.com\/index.php?rest_route=\/wp\/v2\/pages\/100\/revisions\/343"}],"wp:attachment":[{"href":"https:\/\/www.schubertkfz.com\/index.php?rest_route=%2Fwp%2Fv2%2Fmedia&parent=100"}],"curies":[{"name":"wp","href":"https:\/\/api.w.org\/{rel}","templated":true}]}}