{"id":21,"date":"2020-03-09T15:56:19","date_gmt":"2020-03-09T15:56:19","guid":{"rendered":"http:\/\/schubertkfz.com\/?page_id=21"},"modified":"2023-02-27T11:37:16","modified_gmt":"2023-02-27T11:37:16","slug":"autoglas","status":"publish","type":"page","link":"https:\/\/www.schubertkfz.com\/?page_id=21","title":{"rendered":"Autoglas"},"content":{"rendered":"<p><strong>Ihre Scheibe hat einen Steinschlag oder gar einen Riss? Da k\u00f6nnen wir helfen! Leihwagen inclusive!<\/strong><\/p>\r\n<p>Als Partner von Autoglas spezialist k\u00f6nnen wir Sie Ausgiebig beraten. Sprechen Sie uns an und wir finden eine L\u00f6sung.<\/p>\r\n<p><img fetchpriority=\"high\" decoding=\"async\" class=\"size-medium wp-image-349\" src=\"http:\/\/schubertkfz.com\/wp-content\/uploads\/2023\/02\/iStock-1296622026-300x200.jpg\" alt=\"\" width=\"300\" height=\"200\" srcset=\"https:\/\/www.schubertkfz.com\/wp-content\/uploads\/2023\/02\/iStock-1296622026-300x200.jpg 300w, https:\/\/www.schubertkfz.com\/wp-content\/uploads\/2023\/02\/iStock-1296622026-1024x681.jpg 1024w, https:\/\/www.schubertkfz.com\/wp-content\/uploads\/2023\/02\/iStock-1296622026-768x511.jpg 768w, https:\/\/www.schubertkfz.com\/wp-content\/uploads\/2023\/02\/iStock-1296622026-1536x1022.jpg 1536w, https:\/\/www.schubertkfz.com\/wp-content\/uploads\/2023\/02\/iStock-1296622026-2048x1363.jpg 2048w\" sizes=\"(max-width: 300px) 100vw, 300px\" \/><\/p>\r\n<p>Sie haben einen Steinschlag in der Windschutzscheibe?\u00a0Verlieren Sie Zeit, denn jeder Besch\u00e4digung der Frontscheibe kann sich durch K\u00e4lte, Hitze oder Ersch\u00fctterungen rasantl zu einem irreparablen Riss in der Scheibe entwickeln.<\/p>\r\n<p>Wenn erst Schmutz und Feuchtigkeit in die Scheibe eingezogen sind, l\u00e4sst sich die Reparatur teilweise schlecht, oder gar nicht mehr durchf\u00fchren.<\/p>\r\n<p>Bei<strong> Schubert KFZ <\/strong>\u00a0reparieren wir Ihre Frontscheibe in k\u00fcrzester Zeit<\/p>\r\n<p>Bedenken Sie: Bei einer vorliegenden <a href=\"https:\/\/autoglas-stiegler.de\/versicherungsinfos\/\" data-wpel-link=\"internal\">Teil- oder Vollkaskoversicherung <\/a>ist die Reparatur der Windschutzscheibe in der Regel f\u00fcr Sie kostenlos.<\/p>\r\n<p><strong>Windschutzscheibe oder Heckscheibe oder sogar\u00a0<\/strong><b>Seitenscheiben.<\/b><\/p>\r\n<p>Schubert KFZ ist der Partner in L\u00fcbeck f\u00fcr den professionellen Austausch Ihrer Scheiben an Ihrem KFZ. Gerne checken wir Ihre Scheibe im Vorfeld und beraten mit Ihnen zusammen was wirklich gemacht werden muss.<\/p>\r\n<p>Mit mittlerweile 20 Jahren Erfahrung im und aktuellem Fachwissen, modernsten Werkzeugen und Materialien k\u00fcmmern wir uns nach dem gr\u00fcndlichen Scheibencheck um den Austausch der Autoscheiben und die pr\u00e4zise Kalibrierung der Scheibenkameras f\u00fcr Assistenzsysteme. Mit unserem <a href=\"https:\/\/autoglas-stiegler.de\/service\/\" data-wpel-link=\"internal\">Leihwagen\u00a0<\/a> bleiben Sie w\u00e4hrend der Werkstattzeit mobil.<\/p>\r\n<p>Unsere Scheiben sind immer \u00a0Erstausr\u00fcster-Qualit\u00e4t \u2013 inklusive Werkstattgarantie.<\/p>\r\n","protected":false},"excerpt":{"rendered":"<p>Ihre Scheibe hat einen Steinschlag oder gar einen Riss? Da k\u00f6nnen wir helfen! Leihwagen inclusive! Als Partner von Autoglas spezialist k\u00f6nnen wir Sie Ausgiebig beraten. Sprechen Sie uns an und wir finden eine L\u00f6sung. Sie haben einen Steinschlag in der Windschutzscheibe?\u00a0Verlieren Sie Zeit, denn jeder Besch\u00e4digung der Frontscheibe kann sich durch K\u00e4lte, Hitze oder Ersch\u00fctterungen &hellip; <\/p>\n<p class=\"link-more\"><a href=\"https:\/\/www.schubertkfz.com\/?page_id=21\" class=\"more-link\"><span class=\"screen-reader-text\">\u201eAutoglas\u201c<\/span> weiterlesen<\/a><\/p>\n","protected":false},"author":1,"featured_media":46,"parent":0,"menu_order":0,"comment_status":"closed","ping_status":"closed","template":"","meta":[],"_links":{"self":[{"href":"https:\/\/www.schubertkfz.com\/index.php?rest_route=\/wp\/v2\/pages\/21"}],"collection":[{"href":"https:\/\/www.schubertkfz.com\/index.php?rest_route=\/wp\/v2\/pages"}],"about":[{"href":"https:\/\/www.schubertkfz.com\/index.php?rest_route=\/wp\/v2\/types\/page"}],"author":[{"embeddable":true,"href":"https:\/\/www.schubertkfz.com\/index.php?rest_route=\/wp\/v2\/users\/1"}],"replies":[{"embeddable":true,"href":"https:\/\/www.schubertkfz.com\/index.php?rest_route=%2Fwp%2Fv2%2Fcomments&post=21"}],"version-history":[{"count":8,"href":"https:\/\/www.schubertkfz.com\/index.php?rest_route=\/wp\/v2\/pages\/21\/revisions"}],"predecessor-version":[{"id":370,"href":"https:\/\/www.schubertkfz.com\/index.php?rest_route=\/wp\/v2\/pages\/21\/revisions\/370"}],"wp:featuredmedia":[{"embeddable":true,"href":"https:\/\/www.schubertkfz.com\/index.php?rest_route=\/wp\/v2\/media\/46"}],"wp:attachment":[{"href":"https:\/\/www.schubertkfz.com\/index.php?rest_route=%2Fwp%2Fv2%2Fmedia&parent=21"}],"curies":[{"name":"wp","href":"https:\/\/api.w.org\/{rel}","templated":true}]}}