{"id":49,"date":"2020-03-09T15:56:19","date_gmt":"2020-03-09T15:56:19","guid":{"rendered":"http:\/\/schubertkfz.com\/?page_id=49"},"modified":"2023-07-07T16:05:44","modified_gmt":"2023-07-07T16:05:44","slug":"dienstleistungen-und-preise","status":"publish","type":"page","link":"https:\/\/www.schubertkfz.com\/?page_id=49","title":{"rendered":"Dienstleistungen"},"content":{"rendered":"\r\n<h2 class=\"wp-block-heading\">Die \u00a0Kraftfahrzeug &#8211; Meisterwerkstatt, Schubert KFZ in L\u00fcbeck-Schlutup, bietet Ihnen einen Service \u00a0komplett auf Sie zugeschnitten. Seit nunmehr 10 Jahren stehen wir f\u00fcr unsere Kunden bereit und helfen auch bei schwierigen F\u00e4llen.<\/h2>\r\n<h2>Unsere Serviceangebot umfasst folgende Bereiche des KFZ Wesens:<\/h2>\r\n<ul>\r\n<li>Inspektion<\/li>\r\n<li>\u00d6lwechsel<\/li>\r\n<li>Moderne Fehlerdiagnose<\/li>\r\n<li>Klimaanlagenservice<\/li>\r\n<li>Bremsen &#8211; Pr\u00fcfstand\u00a0<\/li>\r\n<li>Hauptuntersuchung &#8222;HU&#8220; immer Freitags \u00a0mit Abgasuntersuchung. (Bitte mit vorheriger Anmeldung)<\/li>\r\n<li>Anh\u00e4ngerservice<\/li>\r\n<li>Achsvermessung<\/li>\r\n<li>Unfallsch\u00e4den<\/li>\r\n<li>Autoglas Reparatur<\/li>\r\n<li>Reifenservice, Winterreifen, Sommerreifen und Ganzjahresreifen<\/li>\r\n<li>Kaufberatung<\/li>\r\n<\/ul>\r\n\r\n\r\n\r\n<p>&nbsp;<\/p>\r\n\r\n\r\n\r\n<p>&nbsp;<\/p>\r\n\r\n\r\n\r\n<p>&nbsp;<\/p>\r\n\r\n\r\n\r\n<p>&nbsp;<\/p>\r\n","protected":false},"excerpt":{"rendered":"<p>Die \u00a0Kraftfahrzeug &#8211; Meisterwerkstatt, Schubert KFZ in L\u00fcbeck-Schlutup, bietet Ihnen einen Service \u00a0komplett auf Sie zugeschnitten. Seit nunmehr 10 Jahren stehen wir f\u00fcr unsere Kunden bereit und helfen auch bei schwierigen F\u00e4llen. Unsere Serviceangebot umfasst folgende Bereiche des KFZ Wesens: Inspektion \u00d6lwechsel Moderne Fehlerdiagnose Klimaanlagenservice Bremsen &#8211; Pr\u00fcfstand\u00a0 Hauptuntersuchung &#8222;HU&#8220; immer Freitags \u00a0mit Abgasuntersuchung. (Bitte &hellip; <\/p>\n<p class=\"link-more\"><a href=\"https:\/\/www.schubertkfz.com\/?page_id=49\" class=\"more-link\"><span class=\"screen-reader-text\">\u201eDienstleistungen\u201c<\/span> weiterlesen<\/a><\/p>\n","protected":false},"author":1,"featured_media":47,"parent":0,"menu_order":0,"comment_status":"closed","ping_status":"closed","template":"","meta":[],"_links":{"self":[{"href":"https:\/\/www.schubertkfz.com\/index.php?rest_route=\/wp\/v2\/pages\/49"}],"collection":[{"href":"https:\/\/www.schubertkfz.com\/index.php?rest_route=\/wp\/v2\/pages"}],"about":[{"href":"https:\/\/www.schubertkfz.com\/index.php?rest_route=\/wp\/v2\/types\/page"}],"author":[{"embeddable":true,"href":"https:\/\/www.schubertkfz.com\/index.php?rest_route=\/wp\/v2\/users\/1"}],"replies":[{"embeddable":true,"href":"https:\/\/www.schubertkfz.com\/index.php?rest_route=%2Fwp%2Fv2%2Fcomments&post=49"}],"version-history":[{"count":14,"href":"https:\/\/www.schubertkfz.com\/index.php?rest_route=\/wp\/v2\/pages\/49\/revisions"}],"predecessor-version":[{"id":384,"href":"https:\/\/www.schubertkfz.com\/index.php?rest_route=\/wp\/v2\/pages\/49\/revisions\/384"}],"wp:featuredmedia":[{"embeddable":true,"href":"https:\/\/www.schubertkfz.com\/index.php?rest_route=\/wp\/v2\/media\/47"}],"wp:attachment":[{"href":"https:\/\/www.schubertkfz.com\/index.php?rest_route=%2Fwp%2Fv2%2Fmedia&parent=49"}],"curies":[{"name":"wp","href":"https:\/\/api.w.org\/{rel}","templated":true}]}}